r(m) be the second derivative of m**3/2 + 3*m**2/2 - m. Let y be 5/1 + (-14)/7. List the prime factors of r(y).
2, 3
Let w(j) = j**3 - 4*j**2 - 5*j. Let o be w(5). Let h(b) = -2*b**2 - 3 - b - b**3 - 4*b + o + b. What are the prime factors of h(-2)?
5
Let i(r) = 16*r**3 + 4*r - 2. List the prime factors of i(2).
2, 67
Let z be 3 - (1 + -2 + 0). List the prime factors of 10/1 + -3 + z.
11
Let q(w) = 5*w**2 + 3*w - 1. List the prime factors of q(-5).
109
Let w(v) = -v**3 + 7*v**2 + 2*v - 4. Let t be w(7). Let y(d) = -4*d + d**2 - 7*d + 4*d + t. List the prime factors of y(7).
2, 5
Let l be (-2)/(-4) + 119/(-14). Suppose 5 = -2*v - 17. Let i = l - v. List the prime factors of i.
3
Let s(w) = 4*w + 12. Let m(z) = z + 4. Let k(p) = 16*m(p) - 5*s(p). What are the prime factors of k(-5)?
2, 3
Suppose 4*x - 11 = -3. Let j be (-5)/(1/(x + -3)). Suppose 105 = 5*f - 3*a + 27, -f - j*a + 38 = 0. What are the prime factors of f?
2, 3
Suppose s + 3*s = 0. Let x(k) = 1 + s*k + 3*k + 1. What are the prime factors of x(3)?
11
Suppose 619 = 4*t - 5*v, 497 = 5*t - v - 282. List the prime factors of t.
2, 3, 13
Let p(i) = -i**3 - i + 1. Let v be (-8)/28 + 24/(-14). What are the prime factors of p(v)?
11
Suppose 21 - 26 = 5*u. Let p be 60*(-1)/(-2)*1. What are the prime factors of 1 + (p/(-3))/u?
11
Let q(t) = 27*t. Let d be q(1). Suppose 0 = -5*g + 18 + d. List the prime factors of g.
3
Let n be ((-10)/8)/((-4)/16). Suppose n*d = d + 68. List the prime factors of d.
17
Let n(i) = -3*i - 2. What are the prime factors of n(-8)?
2, 11
Let z(d) = -2*d - 4. Let n be z(-4). Suppose -24 - 80 = -n*x. What are the prime factors of x?
2, 13
Suppose 3*c + 54 = 4*z - z, 66 = -4*c - 2*z. Let j = c - -30. List the prime factors of j.
13
Let j(k) = -4*k - 9. What are the prime factors of j(-9)?
3
Let x = 8 + -4. Suppose -x*p = p - 40. Let i(a) = -a**3 + 9*a**2 - 7*a - 5. List the prime factors of i(p).
3
Suppose -16 = -2*d - 5*f, 0 = 5*d + 2*f - 41 + 1. Suppose -3*r - r = -v - 17, -3*v - 19 = -4*r. What are the prime factors of v/(-1) + d/4?
3
Let v(y) = -y**3 + 5*y**2 + 2*y - 4. Suppose -5*q + 2*u = -4*q - 7, -q = 5*u. Let d be v(q). Suppose 16 = 2*p - d. List the prime factors of p.
11
Let t(c) = -c + 2*c + 0 + 1. Let y be t(6). Suppose 2*j - y - 1 = 0. What are the prime factors of j?
2
List the prime factors of 15 + 1/((-1)/1).
2, 7
Let i(m) = m**2 - 4*m - 1. Let w be i(4). Let d = 3 + w. Suppose 4*c = -0*c + d*n + 48, -2*c + 4 = 4*n. List the prime factors of c.
2, 5
Let r(t) = 7*t**3 - 4*t**2 - 4*t - 1. Let c(q) = 7*q**3 - 5*q**2 - 5*q - 1. Let g(j) = 4*c(j) - 5*r(j). What are the prime factors of g(-1)?
2
List the prime factors of 2043/6 - 1/(-2).
11, 31
Let u(d) = -d**2 - 1. Let s be u(5). Let o(c) = 2*c. Let p be o(-6). Let r = p - s. List the prime factors of r.
2, 7
Let m(l) = 4*l**3 - 34*l**2 + 39*l + 17. Let r(q) = q**3 - 11*q**2 + 13*q + 6. Let b(z) = 2*m(z) - 7*r(z). What are the prime factors of b(-10)?
2, 11
List the prime factors of 123/3*(-1 + 2).
41
List the prime factors of (2/(-2))/(3/(-87)).
29
Suppose -6*j + 394 = 94. What are the prime factors of j?
2, 5
Let n be 7/4 - (-2)/8. Let w(x) = 5*x**2 - 1. Let h be w(1). Suppose -n*k + 4*s - 8 = 0, -h*s + 4 = -0*k - 3*k. What are the prime factors of k?
2
Suppose -3*s = -541 + 133. Suppose -4*p = 4*i - s, 0 = -2*p - 4*i - 23 + 89. List the prime factors of p.
5, 7
Suppose -p + 0*p + 7 = 0. Suppose -10 = -0*f - 5*f. Suppose -f*i + p = -i. List the prime factors of i.
7
Suppose 5*x - 4 = 16. Suppose 5*t - 11 = x, -5*t + 28 = v. What are the prime factors of v?
13
Let o = 3 - 1. Suppose -5 = -3*w + 2*w. Suppose -7 = -2*z + o*r + 9, -z - w*r + 20 = 0. List the prime factors of z.
2, 5
Let m(n) = n**3 + 10*n**2 + 9*n - 8. Let q be m(-9). Let w = 15 + q. What are the prime factors of w?
7
Let r(i) = 4*i + 0 - 5*i - 1. Let w = 2 + -12. List the prime factors of r(w).
3
Let g(r) = 6*r**2 - 12*r - 2. What are the prime factors of g(4)?
2, 23
Let c = -10 - -21. Let m(v) = v - 6. Let g be m(c). Let h = 10 - g. What are the prime factors of h?
5
Let q(w) = -3*w - 14. Let r(l) = -2*l - 13. Let k(s) = -4*q(s) + 5*r(s). Let y be k(8). What are the prime factors of 0/(-3) + y - 2?
5
Let b(k) = k**2 + 7*k + 9. Let v = 8 + -14. Let n be b(v). What are the prime factors of 1 + -2 + 2*n?
5
Let p(j) = -j - 2. Let o be p(-1). Let m(v) = 65*v**2 - 1. Let a be m(o). Suppose 0 = 4*z + 2*h - h - 47, -3*h = 5*z - a. What are the prime factors of z?
11
List the prime factors of 73 - 2 - (-4 - (-1 + 0)).
2, 37
Suppose -4 = -0*y - y. Suppose 3*t = y*t - 10. List the prime factors of t.
2, 5
Let m be (-2)/(-4)*0/(-5). Suppose m = h - 22 - 29. What are the prime factors of h?
3, 17
Let r = -6 - -14. Let q = -8 + 13. Suppose q*x - r*x = -5*a + 82, 0 = -3*x - 12. List the prime factors of a.
2, 7
Let n(o) = -o**3 + 7*o**2 + 9*o - 5. List the prime factors of n(7).
2, 29
Suppose 0 = -5*u - 2*v + 11, 5*u + 3*v = 1 + 13. Let o(i) = -4*i**3 + 4*i**3 - 3 + 2 + 7*i**3 + 2*i. What are the prime factors of o(u)?
2
Suppose -3*t + y + 638 = 0, 5*y + 240 = t + 18. What are the prime factors of t?
2, 53
List the prime factors of 50/20*(-236)/(-10).
59
Let r(g) = g**3 + 4*g**2 - g + 1. Let h = -10 + 14. Suppose l = h*l + 6. List the prime factors of r(l).
11
Let n be 3 + -2 + 2/2. Suppose -4*k + 16 = -2*r, 3*r + 14 = -k + n*k. Let q = 10 + r. What are the prime factors of q?
2, 3
What are the prime factors of 0 + -4 + (7 - -101)?
2, 13
Suppose 0 = -3*s + 37 + 374. What are the prime factors of s?
137
List the prime factors of ((-17)/(-34))/(1 - 111/112).
2, 7
Suppose -229 = -2*q - 23. Suppose 3*l = -2*r + q, 2*r - 95 = -2*l + 9. List the prime factors of r.
53
Suppose -2*b + 372 = -0*b. What are the prime factors of b?
2, 3, 31
What are the prime factors of (45/(-2))/((-20)/40)?
3, 5
Let s be -4*(6/(-4))/(-1). Let z be -10*(-3)/(-15)*-44. What are the prime factors of s/(-27) + z/9?
2, 5
Suppose 4*t + 4*j - 22 = 18, -5*t - 2*j + 35 = 0. List the prime factors of t.
5
Suppose 4*k = -5*s + 168, -20 = -5*s + 2*k + 136. What are the prime factors of s?
2
Suppose -2*p = -2*n - 1 + 17, -5*p = -2*n + 52. Let y = p - -29. What are the prime factors of y?
17
What are the prime factors of (-1)/(-3) - (-3 + (-1812)/18)?
2, 13
Let j(a) = 3*a**2 - a. Let b be j(-3). Suppose 3*k = 2*k + b. List the prime factors of k.
2, 3, 5
Suppose 0 = -0*x - 2*x. List the prime factors of 17 + 0/(-1 + x).
17
Suppose 6 = 2*t - i - i, 0 = -5*t + 4*i + 11. Let a(k) = -15*k**3 - k - 1. What are the prime factors of a(t)?
3, 5
Let w be -3 + 3 - (4 + -7). Suppose 5 - 19 = z. What are the prime factors of (z/(-6) + 1)*w?
2, 5
Let o = 96 + -58. Suppose 5*j - o = 27. List the prime factors of j.
13
Suppose 3*y - 128 = y. Suppose l - z = 11, -2*l - l = -z - 25. Suppose l*m = 3*m + y. List the prime factors of m.
2
Suppose 0 = 5*b - 110 + 30. Suppose 0 = -3*y + y + b. What are the prime factors of y?
2
Suppose 3*m + 0*r = -2*r + 1, m + 5*r = -17. Suppose b - t + m*t = 36, 5*t = 3*b - 119. List the prime factors of b.
2, 19
What are the prime factors of 3 + (-303)/(-2) + 24/16?
2, 3, 13
Suppose 0 = 3*h - 12 + 3. Let d be (-6)/((-2)/h - -1). Let b = d - -30. What are the prime factors of b?
2, 3
Let b = -10 - -14. Suppose 0 = -3*k - 6 + 21. Suppose -o + k = -b. What are the prime factors of o?
3
Let l(b) be the second derivative of b**4/12 + b**2/2 + 2*b. Let m(h) = h + 1. Let w(i) = -l(i) + 5*m(i). What are the prime factors of w(4)?
2
Suppose 0 = 3*v + 148 - 490. Suppose 6*h - v = 3*h. List the prime factors of h.
2, 19
Suppose 1 = -5*t + 2*r, 0*t + t + 3*r + 7 = 0. Suppose -8*g + 7 + 17 = 0. Let c = g - t. List the prime factors of c.
2
Suppose a + 3 = 0, -w + 3*w + 4*a + 16 = 0. Let z = 65 + w. What are the prime factors of 1/(-2) - z/(-6)?
2, 5
Suppose 0 = -3*f + 13 - 4. Let i be 1/(f/(-45)*-3). Suppose 3*j + i*r = 16 + 34, -2*j + 35 = 5*r. What are the prime factors of j?
3, 5
What are the prime factors of 212 - ((14 - 9) + 3/(-1))?
2, 3, 5, 7
Let v be (0 + 1)*1 - 0. Suppose 4*h - 14 - 2 = 0. List the prime factors of (-1 - -2) + h + v.
2, 3
Let i be 5/1 + 0 + 2. Suppose -15 = 5*w, -4*q + i + 26 = w. List the prime factors of q.
3
Let z(i) = -2*i - 7. Let l be z(-6). Suppose -2*b + 1 =